**2 + 5*a + 2. What is h(w)?
-2
Let j(p) be the third derivative of p**5/60 - p**4/24 - 2*p**3/3 + p**2 - 9. What is j(4)?
8
Let w(g) be the second derivative of g**4/12 + 7*g**3/6 - 5*g**2/2 - 7*g. Let r be w(-7). Let k = 3 + r. Let a(j) = j**3 + 2*j**2 + j + 2. Give a(k).
0
Let n = 41 - 38. Let c(f) = -3*f + 3*f + 4 - 2*f**2 - n - 6*f**3. Determine c(-1).
5
Let y = 2 - 1. Let u(z) be the first derivative of 1/2*z**2 - 1/3*z**3 + 10 - 3*z**4 + 0*z. What is u(y)?
-12
Suppose 2 = -a - 3*j - 3, -25 = -3*a + j. Suppose 0*d = 4*d - 8. Let n = a - d. Let h(i) = -i. Determine h(n).
-5
Suppose 2*s = 8 - 4. Let k(n) = 2*n - n**3 + 0*n - 3 + 2*n + 0*n. Determine k(s).
-3
Let q(c) be the second derivative of -c**4/12 + 4*c**3/3 + 3*c**2 - 7*c. Let w(v) = v - 15. Let h be w(24). Determine q(h).
-3
Let p(f) = -f + 1. Let b be -1 + 0/(-2) - 3. Let v(d) be the third derivative of d**4/4 - 7*d**3/6 + 3*d**2. Let t(k) = b*p(k) - v(k). What is t(-4)?
11
Let m(p) be the first derivative of p**4/4 - 2*p**3 + p**2/2 - 15. Suppose -4*n + 27 = 5*z, 3*z - z = -3*n + 15. Calculate m(n).
-24
Let q = 246 + -245. Let c(z) = -15*z - 1. What is c(q)?
-16
Let n(s) = s**3 - 6*s**2 - 4*s - 3. Let v(d) = d**3 - d**2 - d - 1. Let t(b) = n(b) - 4*v(b). Let g = 1398 - 1397. Determine t(g).
-4
Let k be -3 + (-1 - (-2 + -2)). Let s(j) = -j + j + j + k. Give s(-4).
-4
Let z = -33 + 31. Let v be -1*((-12)/4 - z). Let n(g) = 17*g**3 + 2*g**2 - g. Give n(v).
18
Suppose -4*q + 20 = 0, 9*g - 6*g = 3*q + 39. Suppose 2*f = -g + 14. Let i(y) = y**3 + 5*y**2 + 4*y + 3. Give i(f).
7
Let i = 24 - 23. Let o(w) = 4 + w**3 - i + 4*w - 6*w - 6*w**2. Give o(6).
-9
Let w(a) = a**2 - 2*a + 1. Suppose -10*r + 14 = -8*r. Suppose r*b + b = 8. Determine w(b).
0
Let i = -8 - -6. Suppose -2*v + 23 - 7 = -2*d, 0 = -2*v + 5*d + 28. Let y(n) = -4*n**2 + 3*n**2 - n + 2*n**2 + v*n. Calculate y(i).
-2
Suppose 0 = -0*r - 4*r - 12. Let o = r + 1. Let a be o/(-6)*(-18)/(-2). Let j(x) = x**3 - 4*x**2 + 3*x - 4. What is j(a)?
-4
Let r(y) = -y + 1. Let p be 2/1 - 1/(-1). Let k(m) be the third derivative of m**5/30 - 5*m**4/24 + m**3/6 + 3*m**2. Let x be k(p). Give r(x).
-3
Let n(p) be the third derivative of 0 + 1/4*p**4 + 3/2*p**3 - 2*p**2 - 1/60*p**5 + 0*p. What is n(7)?
2
Let h = -32 + 34. Suppose 0 = 4*x - h - 10. Let j(p) = -2*p**2 + 4*p - 1. Give j(x).
-7
Let y(r) = -r**2 - 7*r - 8. Let k be (12/8)/(-2 - (-11)/4). Suppose 13 = -k*n + 2*m - 3*m, 0 = -n - 3*m - 9. What is y(n)?
-2
Suppose -6*d = -29 - 43. Suppose 0 = -12*w + 8*w - d. Let y(v) = -4 + 2*v - 6*v - 144*v**2 + 143*v**2. Calculate y(w).
-1
Suppose 10*l - 28 = -8. Let x(g) = g**2 + g - 1. Determine x(l).
5
Let x(r) be the third derivative of -r**6/120 - r**5/15 - r**4/6 - r**3/6 - 68*r**2. Let y = -70 - -67. Determine x(y).
2
Suppose 2*a - 4*w = 174 + 42, -w = 2*a - 216. Let k = a - 106. Let f(n) = -n + 2 + 4*n**3 - 4*n**3 - n**3. What is f(k)?
-8
Let t be ((-16)/(-5))/((-8)/(-20)). Suppose 0 = t*u - 5*u + 21. Let r(a) be the second derivative of -a**3/6 - 9*a**2/2 + a. Calculate r(u).
-2
Let m(x) = -209*x**3 + x**2 - 192*x**3 - 191*x**3 + 560*x**3. Give m(1).
-31
Let b(p) = -p**3 - 5*p**2 + p + 3. Let w = -246 - -243. Determine b(w).
-18
Let m(g) = -3 - g + 2 - 2*g - 1. Let q = 261 - 263. Determine m(q).
4
Let i(d) = 392*d**3 - 4*d**2 - 197*d**3 - 4*d - 194*d**3. Determine i(5).
5
Let x = -17 + 9. Let v(u) = -u - 8. Let a be v(x). Let r(h) = 7*h - 17*h + 3 + 9*h. Determine r(a).
3
Let x be (0/(-4))/(-1*1). Let a(t) = 3*t + 6. Suppose 2*f - 41 = -5*q - 0*q, -q + 2*f = -1. Let y(c) = -c - 2. Let b(l) = q*y(l) + 2*a(l). Calculate b(x).
-2
Let g(p) be the second derivative of -p**4/6 + p. Suppose 0 = j - 2*b + 16, -176*j - 26 = -177*j - 4*b. Give g(j).
-8
Let j(c) be the first derivative of -c + 6 + c**2 + 1/3*c**3. Calculate j(-4).
7
Suppose 2*s = -4*p, -6 - 1 = -3*p - 5*s. Let g be (13/3 + p)*(-39)/(-26). Let n(d) = d**3 - 5*d**2 + 2*d + 1. Calculate n(g).
11
Let j(p) = 581*p - 10*p**2 - p**3 - 579*p + 5*p**2 - 20. What is j(-6)?
4
Suppose 5*r = -r - 18. Suppose 7*d - 20 = 2*d - 4*n, -3*d + 4*n - 20 = 0. Let b(x) = d + x - 4 + x. Give b(r).
-10
Let w = 46 + -30. Let b be 1/2*(w + -6)*1. Let g(m) = -m**2 + 7*m. Calculate g(b).
10
Let n(k) = 4*k - 4 - 23405*k**2 - 2 + 23404*k**2. Let b(a) = 2*a**2 + a**3 + 1 + 1 + 2 + 3*a**2. Let z be b(-5). What is n(z)?
-6
Let b(n) = n**2 + 4*n - 4. Let v(d) = 1. Let l(q) = b(q) + 3*v(q). Let i = 21 + -6. Let u be 6/i*15/(-1). Calculate l(u).
11
Let j be 0*(-1)/6*-1. Let h(q) = -10*q + j*q + 6*q + 3*q + 1. Calculate h(5).
-4
Let r(l) = -l**2 + 9*l - 1. Let c = 11 - 8. Suppose 8 = -q - 3*d, -c*q = 3*d - d - 11. Calculate r(q).
13
Let k(w) = w**3 - 12*w**2 + 15. Let j be ((-16)/48)/(1/36*-1). Give k(j).
15
Suppose 6*x = -4*x + 3*x. Let p(z) = -z**2 + 21. What is p(x)?
21
Let n(f) = 3*f - 2. Let a be (-1 + 4)/(24/40). Suppose -4*c = a*k - 116, 5*c = -1 - 4. Let q be (-39)/(-12) - 6/k. What is n(q)?
7
Suppose -64 = -3*p + p. Let o = p + -30. Let i(d) = 1 - 2*d**3 - 4 + 2*d + o*d**3 - 5*d**2 + d**3. Calculate i(5).
7
Let k(i) = i**3 - 6*i**2 + 4*i + 2. Let x(z) = -z**3 + 6*z**2 - 4*z - 2. Let g(p) = -6*k(p) - 5*x(p). Let b = 12 - 7. Determine g(b).
3
Let d(o) be the third derivative of o**5/60 - o**4/3 - 7*o**3/6 - 4*o**2. Let t be d(9). Let m(c) = 2*c**2 - 3*c. What is m(t)?
2
Let r(n) = n + 11. Suppose -5*u + o + 129 = 0, -2*o + 0*o = -2*u + 58. Suppose 0 = -4*j + u - 61. Determine r(j).
2
Let t(l) = -5*l**3 - 1. Let w be 3/(-5) - (-306)/10. Let u = -29 + w. Give t(u).
-6
Let t(b) be the first derivative of -b**4/4 + 4*b**3/3 + 3*b**2 + b - 21. Suppose 5*j - 3*o - 16 = 0, -4 = -j - o + 4. What is t(j)?
6
Let k(l) = 20*l**2 + 11. Let h(p) = -7*p**2 - 5 + 7 - 6 + 0. Let d(u) = 17*h(u) + 6*k(u). Let y(j) = j**3 + 5*j**2 + j + 7. Let q be y(-5). Give d(q).
2
Let z(x) = x**2 - 7*x + 2. Let q be ((-286)/(-33))/(22/12 - 2). Let j = -47 - q. What is z(j)?
-8
Suppose -4*u + 1 = -2*u - 5*v, 2*u - 3*v = 3. Let o(w) = w**3 - 10*w**2 - 10*w - 11. Let c be o(11). Suppose 0*a - u*a = c. Let z(b) = b - 2. Calculate z(a).
-2
Let h(j) = j**2 - 16 + 39 + 3*j + 3*j**3 - 20. Calculate h(-2).
-23
Let u be 3/(3 - 0)*3. Let n be ((-1)/u)/(10/90). Let l(s) = 2*s**2 - 1 - 2 + 3*s + 0 - 2*s. Give l(n).
12
Let j(n) be the second derivative of -3*n - 1/6*n**3 + 0 - 2*n**2. Suppose 0 = 4*u - 11 + 35. What is j(u)?
2
Suppose 11*y + 210 = 199. Let i(u) = 9*u**3 - 3*u**2 + 1. Determine i(y).
-11
Let l(w) be the third derivative of w**6/120 - w**5/12 - w**4/4 + w**3/2 - 2*w**2 - 17. Give l(6).
3
Let k(j) = -13 + 5*j + 3*j - 4*j. Let n be ((-16)/(-20))/((-2)/(-5)). Let f(p) = p - 3. Let c(q) = n*k(q) - 9*f(q). Determine c(1).
0
Suppose -770 = 8*n - 802. Let d(k) = 3*k**2 + 2*k + 3. Calculate d(n).
59
Let m(b) = -17*b**2 + 49*b - 33. Let y(x) = -7*x**2 + 25*x - 17. Let t(h) = -2*m(h) + 5*y(h). Determine t(26).
7
Let t be (-207)/69 - (-1 + (-4 - -2)). Let s(x) = -2*x - 31. Give s(t).
-31
Let z(x) = 6*x**3 - 3*x**2 + 2*x - 2. Let s be -4 - (10 - (-48)/(-3)). What is z(s)?
38
Let z(b) = -b**3 - 8*b**2 - 9*b - 7. Suppose 7*m - 30 = 4*m. Suppose 3*c - 19 = -m. Suppose s + 3*p + 1 = c*s, -s = 3*p + 22. Give z(s).
7
Let i(w) = -4*w - 7 + 0*w**2 + 5 - w**3 + 7 - 6*w**2. What is i(-4)?
-11
Let i(p) = -2*p - 1. Suppose 9*g - 3 = 3*o + 5*g, -6 = -5*o + 3*g. Determine i(o).
-7
Let y(w) be the second derivative of w**4/12 - w**3/2 - 3*w**2/2 + 335*w - 2. Let o(h) = -3*h**3 - h**2 - 2*h - 1. Let f be o(-1). Calculate y(f).
-3
Let s(l) = -l + 18. Let t = -478 + 498. Give s(t).
-2
Let a(x) = x**2 - 3*x - 6. Let b be 12*(-19)/(-2052) + 62/9. What is a(b)?
22
Let r(v) = 3*v + 1. Let u be (-72)/20*2/3*-5. Let b be u/6*-1 + 3. Give r(b).
4
Let t(w) be the first derivative of 18 - 1/2*w**2 + 2*w. Determine t(-7).
9
Suppose 0 = -q - 4, 0*x - x = 3*q + 9. Let s(o) be the second derivative of -5/2*o**2 - 2/3*o**3 + 0 + 1/12*o**4 - x*o. Determine s(5).
0
Let g(u) = 13*u - 16. Let x(s) = -11*s + 15. Suppose -19*r - 102 - 12 = 0. Let c(b) = r*x(b) - 5*g(b). What is c(10)?
0
Let m(n) be the first derivative of n**5/20 + 7*n**4/12 + 5*n**3/6 - n**2/2 + 13*n - 10. Let l(u) be the first derivative of m(u). Calculate l(-6).
5
Let t(h) = h**2 + 25*h + 82. Let w be t(-21). Let z(f) = -4*